
-60
Let z(y) = -y**3 + 4*y**2 - 14*y + 2. Let s(k) = -3*k**3 + 13*k**2 - 41*k + 5. Let x(c) = 6*s(c) - 17*z(c). Suppose 45 = -1125*q + 1130*q. Calculate x(q).
5
Suppose -4*g = -4*t - 68, -5*t - 4*g - 51 = 25. Let f = t + 13. Let d(m) = 5*m. What is d(f)?
-15
Let q(r) be the first derivative of 2*r**3/3 + 4*r**2 + 9*r + 118. Determine q(-4).
9
Let q(v) be the second derivative of -v**4/6 + v**3/6 + 18*v. Let t be q(1). Let g(w) = -5*w - 1. Give g(t).
4
Let u(x) = x**3 + 3*x**2 - 3*x - 5. Suppose -6*t - 12 = -3*t. What is u(t)?
-9
Let m be (20/(-120))/((-3)/12). Let s(a) be the third derivative of 0 - 1/24*a**4 + m*a**3 + 0*a + 5*a**2. Determine s(6).
-2
Let w(a) = a**2 + 4*a + 3. Let z be w(-4). Let p(k) be the third derivative of k**4/24 - k**3/6 + 251*k**2. Calculate p(z).
2
Let w(q) = 2*q - 13. Let x be 32/12*7/((-14)/(-3)). What is w(x)?
-5
Let p(b) = -3*b - 24. Let x be p(-9). Let t(r) = 5*r**2 - 4*r - x*r + 2 - 1 + 0*r**2 + r**3. Give t(-6).
7
Suppose -5*j + 15 = -5*g, 2*j - g + 0 - 7 = 0. Let y be (-2)/(-6) + 23/3. Let q = j - y. Let t(h) = h**2 + 6*h + 3. What is t(q)?
-5
Suppose -48*u + 49*u = 4. Let z be (27/6)/(14/u - 3). Let i(o) = o - 4. Calculate i(z).
5
Let o(u) = 4 - 3*u**2 + 20*u + 3*u**2 - 6*u**2 - u**3 - 9*u. What is o(-7)?
-24
Suppose -2*b + 24 = -0*b. Let m(z) = z - z**2 - 5 + 2*z + b + 0*z**2. Suppose -2*y - 3*y = -30. Determine m(y).
-11
Suppose 2*a + 30 = 40. Let m(y) be the third derivative of 1/120*y**6 - 1/12*y**4 + 2*y**2 + 0 + 1/2*y**3 + 0*y + 1/30*y**a. Determine m(-3).
0
Let s = 36 - 32. Suppose 0 = s*k + 12. Let l(c) = -c**2 - 2*c - 3. Give l(k).
-6
Let d be ((-64)/96)/((-2)/12). Let s(i) be the second derivative of 1/6*i**3 + 1/4*i**d + 5*i - 3/2*i**2 - 1/20*i**5 + 0. Give s(3).
0
Suppose 5*t + 0 = 5. Suppose -32 = -3*m + t. Let x(b) = 0*b - 5*b - b**2 + m*b. Give x(6).
0
Let f = 2 - 0. Let c(j) = 2*j - 2. Let a be c(2). Let k(r) = f + 2*r - 3*r**2 - 2*r**2 + 6*r**a + 5*r. Give k(-6).
-4
Let j = 176 - 166. Let p(t) = t**2 - 9*t - 7. Give p(j).
3
Let o(f) = -4*f + 2. Let s be ((-2)/18 - (-4)/(-18))*9. Determine o(s).
14
Let k = 40 - 35. Let q(d) = -6 - k*d - 4*d - d**2 + d + d. Determine q(-7).
-6
Let u(o) be the first derivative of -5 + 0*o**2 + 1/120*o**5 + 0*o + 4/3*o**3 - 3/8*o**4. Let g(r) be the third derivative of u(r). What is g(6)?
-3
Let x(z) = 6*z**2 + 11*z - 7. Let o(n) = 5*n**2 + 10*n - 6. Let f(b) = 5*o(b) - 4*x(b). Suppose -4*r = r - 25. Let l = 0 - r. What is f(l)?
-7
Let g = -1151 - -1150. Let k(a) = -7*a**3 + a**2 + a + 1. Give k(g).
8
Let z(x) be the third derivative of 0*x + 0 - 34*x**2 - 1/120*x**6 + 1/10*x**5 - 5/6*x**3 + 0*x**4. Determine z(6).
-5
Let i(q) = -q**3 + 8417 - 8417. Determine i(1).
-1
Let f be -5 + (-265)/(-35) + (-6)/(-14). Let r(v) = -22 - v**2 + 17 + v + 15 - v**f. Calculate r(0).
10
Let w = 112 + -80. Let o(c) = 31*c - w*c - 12 + 4. Calculate o(-6).
-2
Let x(a) = -5*a - 7*a**2 + 12*a**2 + a + 3 - 6*a**2. Suppose 8 = -o - o - 4*v, -5*o + 22 = -4*v. Suppose -o*f = 5*c + 16 + 1, 0 = -3*c + 5*f - 35. What is x(c)?
-2
Let k(t) = -t**2 - 5 + 351*t - 348*t - 6*t**2 - 3. Let p(l) = 16*l**2 - 7*l + 16. Let j(z) = 9*k(z) + 4*p(z). Determine j(0).
-8
Let h(x) = -x + 6. Let s be h(4). Let j be s/(11/((-231)/6)). Let d(i) = i**3 + 8*i**2 + 8*i + 1. What is d(j)?
-6
Suppose 4*i - 5*v = -0*i + 7, 3*i = v - 3. Let p(d) = -5*d - 6. Give p(i).
4
Let o(b) = -7*b - 5. Let v(c) = -10*c - 6. Let r(a) = 4*o(a) - 3*v(a). Suppose -3*d - 6 = 3*q, 2*q = d + 2*d - 19. Determine r(q).
-12
Let t(n) = -n**3 + 1. Let a be 7 + 1 - (21 - 13). Determine t(a).
1
Let k(i) be the first derivative of 1/20*i**5 - 1/6*i**3 - 6 - i**2 + 11*i + 0*i**4. Let w(v) be the first derivative of k(v). Determine w(0).
-2
Let l(g) = -8*g**2 + 13*g + 11. Let x(b) = 5*b**2 - 7*b - 6. Let f(y) = -4*l(y) - 7*x(y). Determine f(3).
-38
Let v(w) = -w**2 - w - 1. Let y(a) = -11*a**2 + 3*a + 5. Let h be 3/9 - (-8)/(-6). Let n(z) = h*y(z) - 4*v(z). What is n(1)?
15
Let p(n) = n + 2. Let u(w) = w**3 + w**2 + 2. Let k be u(-2). Let z(q) be the first derivative of -3*q**2/2 - 3*q + 19. Let r be z(k). Determine p(r).
5
Let a(p) = 2*p + 4. Suppose -2*f - 1 = -1. Suppose -5*g = s, s - 2*g + 7 = -f*s. What is a(s)?
-6
Suppose 2 = 3*m + w - 4, 4*m + 4*w = 0. Let g(o) = -2*o**2 + 4*o. Calculate g(m).
-6
Let d(l) = 9*l**3 - 2*l**2 + 1. Suppose 0 = 8*m - 50 + 42. Determine d(m).
8
Let r(h) = -5*h - 8. Let u(n) be the third derivative of n**4/12 + n**3/2 + 2*n**2. Let k = -62 + 59. Let z(f) = k*r(f) - 8*u(f). Determine z(4).
-4
Let f(d) = d**3 - 17 - 113*d + 64*d + 50*d - 15*d**2. Calculate f(15).
-2
Let a(p) be the second derivative of 2*p**2 + p**3 - 1/12*p**4 + 0 + 10*p. Give a(6).
4
Let n(m) = -m**3 + 4*m**2 + 6*m. Let f be n(5). Let u(q) = -2 - q**2 + 3*q**3 - f - 4*q**3. Calculate u(0).
-7
Let a = 21 + -19. Let r(b) = -228 - b**a + 7*b + 2*b**2 + 230. What is r(-3)?
-10
Let t(y) = y - 4. Let a = -459 + 455. Suppose 21 = f + 5*g, 4*g = -3*f + 7*f + 36. Let q = a - f. Give t(q).
-4
Let d(w) = -2*w + 4. Let s(n) = n + 4. Let f be s(-6). Suppose -y = -4*y - 4*x + 16, 5*x - 14 = -3*y. Let o = f + y. What is d(o)?
-8
Let v(y) = y**3 - 3*y**2 - 7*y + 6. Let m(a) = 3*a - 13. Let b be m(6). Suppose b*d - 138 = 772. Let g be d/49 - (-4)/14. What is v(g)?
-6
Let c(k) = -k. Let p be c(0). Let r(w) be the first derivative of -w**3/3 + w**2/2 + 9*w - 813. Determine r(p).
9
Let t(a) = -6*a - 3. Let y(d) = -14*d - 8. Let p(c) = 9*t(c) - 4*y(c). Calculate p(-4).
-3
Let y(b) = -3*b + 5. Let o be (-21)/(-6) - (-4)/8. Calculate y(o).
-7
Let s = -15 + 31. Suppose -37 = -s*q + 91. Let p(i) = i**3 - 7*i**2 - 7*i - 9. What is p(q)?
-1
Let n(t) = t**3 - 3*t**2 + 6. Let d be n(4). Let a(y) = d*y**2 - 19*y**2 + 2*y + 2 - 4. Give a(-2).
6
Let k(c) = 33*c + 9. Let d(n) = 8*n + 2. Suppose 4*v + 0 - 4 = -3*f, 3*f = 4*v + 20. Let p(y) = v*k(y) + 9*d(y). What is p(-3)?
-18
Suppose 13 = 4*c + r, 0 = c - 2*c - 5*r + 27. Let q(o) = -2*o**2 - 2*o + 4. Give q(c).
-8
Let j(t) = -20*t - 50*t + 59*t + 2*t**2 + 10. What is j(7)?
31
Let i = 334 - 321. Let t(u) = 2*u**2 - 25*u - 14. What is t(i)?
-1
Let c(j) be the first derivative of 5 - 1/2*j**2 - 10*j. Determine c(-6).
-4
Let c(g) = 2*g - 6. Let l be (16/(-32))/((-2)/4). Let p be c(l). Let m(j) = j**2 - 2*j - 6. Determine m(p).
18
Let z(s) = 85*s + 36. Let a(h) = 13*h + 6. Let t(n) = -39*a(n) + 6*z(n). What is t(10)?
12
Suppose 2*t = 6*t - 8. Let l(m) = 5*m - 4*m - t*m - 3*m - 6. What is l(-5)?
14
Let c be 312/(0 + 3) - 2. Let i be 6/10 + c/30. Let g(m) = m**3 - 6*m**2 + 5*m + 2. What is g(i)?
-10
Let w(t) = t**3 - 7*t**2 + t + 8. Let l(s) = 3*s - 11. Let g be (-2)/5 - (-64)/10. Let v be l(g). Determine w(v).
15
Let w(h) = 14 - 13 - h + 16. Let t be w(15). Let s be 18/12 + (-1)/t. Let l(d) = 16*d. Determine l(s).
16
Let b(o) = o**3 + o**2 + 2*o + 3. Let z(l) = -l**2 + 10*l - 5. Let a be z(7). Let m = a + -14. Suppose -4*q - 6 = m. Calculate b(q).
-5
Let v = -34 - -39. Let c(d) = -d**3 + 5*d**2 - d + 5. Let u be c(v). Let w(i) = -i**3 - 2*i + 4 + 3 + 3*i - i**2. Determine w(u).
7
Let v(p) = 4*p**2 + 8 + 6 - 5*p**2 + 5*p - 6. Determine v(6).
2
Let p(r) = -7*r - 4. Let z be (3/(-5))/(6/(-30)). Determine p(z).
-25
Let t be 5*(1 + 9/(-3) + 4). Suppose 21*i - 22 = t*i. Let g(u) = -17*u + 11. Let n(s) = -6*s + 4. Let p(c) = -4*g(c) + 11*n(c). What is p(i)?
4
Let c(w) = -w**2 - 9*w - 9. Let g(h) = 6*h - 12. Let x be g(-7). Let b be (x/(-9))/(-2 + 1). Calculate c(b).
9
Let r(p) be the first derivative of -p + 4/3*p**3 - p**2 + 14. Calculate r(2).
11
Let b(n) = -15*n + 13 - 9*n + 40*n - 18*n. Give b(6).
1
Let l(g) = -g**3 + 10*g**2 - 4*g + 11. Let k be l(10). Let o = 24 + k. Let u(z) = -z**2 - 3*z + 1. Calculate u(o).
-9
Let b = 20 + -27. Let d(c) be the second derivative of c**4/12 + 4*c**3/3 + 5*c**2/2 + 6*c. Determine d(b).
-2
Let p = 75 + -73. Suppose 0 = 4*v - 2*v + 4*a + 2, -p*v + a + 13 = 0. Let f(m) = m**2 - 6*m + 5. Calculate f(v).
0
Let t be ((-15)/(-3) - 4 - 1)/(-1). Let z(d) = -4*d - 4. What is z(t)?
-4
Suppose -2*x - 11 = -3*p, -5*x + 2*p - 15 = -3*p. Let i(f) = x*f - 3*f + 3 - f**2 - 4*f - f. Calculate i(-4).
11
Let y(d) be the second derivative of -d**4/12 + 2*d**3/3 + 2*d**2 + 206*d. Give y(4).
4
Let k = -266 + 271. Let